tive of 1/4*f**4 - f**3 + 0*f**2 + 2*f - 1. Determine j(3).
2
Let a(p) = 10*p**2 + 15*p - 10. Let n(d) = 8*d**2 + 14*d - 7. Let z(x) = -5*a(x) + 6*n(x). Give z(8).
-48
Let k(v) = -23*v**2 + 7*v**2 + 1 + 12*v**2 + 39*v**3 + 2*v**2. Calculate k(-1).
-40
Let k(j) = -41*j**3. Let z = 48 - 49. Determine k(z).
41
Let t(o) = -3*o - 5. Let y(v) = -7*v - 11. Let n(l) = -9*t(l) + 4*y(l). Give n(0).
1
Let c(p) be the second derivative of -p**4/12 + 5*p**3/3 - 2*p**2 + 2*p + 82. Give c(9).
5
Let h(k) = -2*k - 3. Let l be 2*-4*1/(-4). Let w be l*(-1 + 15/6). Determine h(w).
-9
Suppose -2*h + k = 5, -4*h = h + 3*k - 15. Suppose h = 4*g + 4*w - 40, 4*w = 2*g + w. Let f be (g - (4 + -3))/1. Let o(c) = 2*c - 1. What is o(f)?
9
Let f(i) be the second derivative of i**5/120 - i**4/24 - 2*i**3/3 + 11*i. Let m(d) be the second derivative of f(d). Give m(2).
1
Let z(p) be the second derivative of -p**8/6720 + p**7/840 - p**6/720 - 5*p**4/12 - 7*p. Let m(n) be the third derivative of z(n). Calculate m(2).
2
Let m(w) be the second derivative of -w**4/12 + w**3/6 - 5*w**2 - 4*w. Let p(q) be the first derivative of m(q). Give p(5).
-9
Let s(y) = y**2 - 3*y + 4. Let d(n) = 2*n**2 - 2*n - 1. Let t be d(-1). Give s(t).
4
Let r(f) = f**2 - 7*f + 2. Let z(v) = -v**3 - 5*v**2 + 5*v + 1. Suppose 2*n + 8 = -4. Let g be z(n). Calculate r(g).
2
Let g be 0 - ((0 - -1) + 2). Let q(y) = 10*y**3 + 3*y**3 + y - y**2 - 4 - 12*y**3 + 3*y**2. What is q(g)?
-16
Let m(d) = -2 + 1 - 11*d + 1. Let v = -455 + 456. Give m(v).
-11
Let f(v) = -v**2 + 7*v - 7. Let b = -4 + 3. Let h be (-28)/(3 + 1)*b. Give f(h).
-7
Let p(o) be the first derivative of -o**3/3 - 7*o**2/2 + 6*o - 43. What is p(-7)?
6
Let r(z) be the second derivative of 7/12*z**4 + 0*z**3 + 15*z + 0 - 1/20*z**5 - 3*z**2. What is r(7)?
-6
Let v be ((-15)/(-35) - (-623)/147)/((-8)/12). Let q(u) be the second derivative of u**4/12 + 4*u**3/3 + 4*u**2 + 2*u. Calculate q(v).
1
Let t(f) be the third derivative of f**6/120 - 7*f**5/60 + f**3/3 + 42*f**2 + 2*f. Determine t(7).
2
Let m(p) = -28*p + 5. Let f(t) = 28*t - 6. Let o(i) = 4*f(i) + 5*m(i). What is o(1)?
-27
Let a(m) = -m**3 - 7*m**2 - 7*m + 2. Let n be 30/4*144/(-180). Give a(n).
8
Let p be (8 - 10)*2 + 6 + 1. Let b(j) = -j**3 + 6*j**2 - 6*j - 3. Give b(p).
6
Let p(l) = 4*l + 3. Suppose -37*m + 35*m + 60 = 0. Suppose m = -5*f + x, -2*f - 6*x + x = -15. Calculate p(f).
-17
Let a(p) = 2*p**2 - 7*p - 1. Let w = -32 - -31. Let t(d) = d**2 - 1. Let m(f) = w*a(f) + t(f). Suppose -8 = -2*q - 3*y, q = -y + 4*y + 13. Determine m(q).
0
Let j(m) = 88*m + 12. Let l(c) = -34*c - 4. Let d(i) = 3*j(i) + 8*l(i). Calculate d(6).
-44
Let b(c) = 4*c - 12. Let y(s) = 5*s - 65. Let u be y(14). Determine b(u).
8
Let g be (1/(-4))/(1/(-20)). Suppose -2*o = -g*o + 6. Let k(x) = 5*x + 3 - x - 2*x - x**2 + o*x**2. What is k(-3)?
6
Let a(q) = -5*q**2 - 15*q + 20. Let o(n) = 8*n**2 + 28*n - 41. Let i(u) = -5*a(u) - 3*o(u). Calculate i(6).
5
Let t(s) = -s - 10. Suppose 4 = -2*z - 2*h + 7*h, 0 = z - 2*h + 1. Suppose -z*m + 2 = -2*k, -3*k + 5*m - 1 = -0. What is t(k)?
-3
Let f(b) = b**2 + 4*b - 12. Suppose 4*w + 4*o + o = -13, 2*o = -2*w - 8. Give f(w).
9
Let h(l) be the second derivative of l**7/840 + l**6/90 - l**5/30 + l**4/6 - 3*l**3/2 - 10*l. Let o(d) be the second derivative of h(d). Determine o(-5).
-1
Suppose -129*c + 63*c = 330. Let j(v) = v**3 + 12*v**2 + 6*v + 4. Let p(o) = o**3 + 13*o**2 + 6*o + 5. Let f(x) = -7*j(x) + 6*p(x). Calculate f(c).
7
Let l(g) be the third derivative of g**6/60 + 4*g**5/15 + g**3/3 - 493*g**2. Calculate l(-8).
2
Let c(z) = z - 7. Suppose 6*f = 3*f - 3, -4*u - 4*f = -76. Suppose 5*o - 4*k - u = 0, 2*o - 8 = -2*k - 0*k. Determine c(o).
-3
Let s(o) = -o**3 - 7*o**2 - 5*o + 1. Let h = 83 - -5. Let f = -94 + h. What is s(f)?
-5
Let y(v) be the third derivative of v**6/120 - 3*v**5/20 - v**4/12 + 8*v**3/3 + 453*v**2. Calculate y(9).
-2
Let m(s) = -2 - 4 + 3 + s**2 - s. Suppose -7 + 6 = -5*c + 4*g, 2*g = 5*c + 7. Determine m(c).
9
Let n(p) = -p**3 + 19*p**2 + 121*p - 20. Let f be n(24). Let d(s) = -s**2 + 5*s - 6. Determine d(f).
-2
Let b(k) be the third derivative of k**4/12 - k**3/2 - 2*k**2. Let y(g) = -12*g + 153. Let x be y(13). Give b(x).
-9
Let j(x) = -x - 84 + 184 - 2*x - 92. Determine j(6).
-10
Let g(a) = -2*a**2 + 29*a - 18. Suppose 35 = 5*k - q - 34, -3*q = 3*k - 45. Calculate g(k).
-4
Let p(n) = -4*n**2 - 6*n. Let j(m) = m**2 + m. Let d(a) = -a**2 - 12*a - 12. Let v be d(-12). Let x(r) = v*j(r) - 2*p(r). Determine x(-1).
-4
Let x(q) = 1 - 6*q + 0*q + 5*q. Let t be (2 - 2)/(-5 + 6) - 2. Let k(v) = 8*v + 22. Let f be k(t). What is x(f)?
-5
Let a(m) = -4*m**2 + 6*m + 1. Let n(j) = 11*j**2 - 19*j - 8. Let q(s) = -8*a(s) - 3*n(s). Determine q(10).
6
Let z(f) be the first derivative of -3*f**2/2 + 7*f + 51. Calculate z(8).
-17
Let f(x) be the first derivative of -x**3/3 - x - 3. Let z = 22 + -11. Suppose 0*r + 3*r - 18 = 5*h, -5*r = -2*h - z. What is f(r)?
-2
Let f be ((-8)/6)/(14/(-21)). Let v(g) = -g**3 + 10*g**2 - 9*g + 12. Let h be v(9). Let p(q) = -h - f*q + 24 + q. What is p(5)?
7
Let h = -762 + 759. Let d(i) = i**2 + 3*i. What is d(h)?
0
Let q(n) be the first derivative of -n**6/360 - 7*n**5/120 - n**4/4 + 2*n**3/3 - 16. Let s(l) be the third derivative of q(l). Give s(-5).
4
Let b(y) = y - 1. Let c(t) = 3*t + 66. Let r(i) = -b(i) - c(i). Calculate r(-15).
-5
Suppose 0 = 14*g - 13*g - 2. Let u(f) = -12*f**2 + 4 + 7*f + 1 + 13*f**g - 3. Determine u(-6).
-4
Let w(z) = -z**3 - 6*z**2 - 5*z + 2. Suppose g = -4*u - 15, -3*u - 25 = 2*u - 5*g. What is w(u)?
-10
Let d(j) = -6*j - 5. Let u be (-34 + 33)/((-2)/(-14)). What is d(u)?
37
Let n(i) be the third derivative of i**5/60 - 7*i**4/24 + i**2. Let w(d) = 4*d**2 - 23*d + 3. Let u be w(5). Let l be 65/26*u/(-5). Give n(l).
-6
Let k(v) = -v**2 - 17*v + 3. Let q be ((-136)/12)/((-4)/(-6)). Let s be k(q). Let i(u) = -u**2 + u - 4. Determine i(s).
-10
Let g(p) = p + 3. Let j be g(-9). Let o(z) = 89*z**3 + 3 - 5*z + 98*z**3 - 7*z**2 - 188*z**3. Give o(j).
-3
Let c be ((-10)/8)/(3/(-24)). Let d(m) = -5 + 6 + m**2 + c*m - 2*m**2 - 13. Let r be d(9). Let v(k) = -k**2 - 4*k - 1. Determine v(r).
2
Let s(a) = a - 3 - 4 + 3. Suppose -1 - 11 = -4*w. Suppose 5*l - 17 = -w*g - g, -5*g = 10. Determine s(l).
1
Let d = -29 + 34. Let w(x) = d - 21 + x**3 + 9*x + 5 + 6 - 8*x**2. Calculate w(7).
9
Let i(b) = -b**3 + 5*b**2 + 5*b + 9. Let j be (-4)/(-4 - 0) - -5. What is i(j)?
3
Let v(u) = 4*u**3 + 9*u**2 + 13*u + 12. Let f(t) = t**3 + t. Let o(n) = 3*f(n) - v(n). Give o(-8).
4
Let x(y) = 8*y**2 - y + 1. Let b be x(-1). Suppose 6*k = 3*k + z + 5, -2*k = z - b. Let l(h) = -2*h - 4. Calculate l(k).
-10
Let h(u) be the first derivative of -u**4/4 + 5*u**3/3 + u**2 - 221. Determine h(5).
10
Let v = -15 - -19. Suppose -v*a + 9 - 1 = 0. Suppose 3*z - 2*t - 2*t = 7, 5*z = -a*t + 29. Let h(w) = w - 9. Calculate h(z).
-4
Let h(a) = 3*a**3 - 72 - 2*a + 8*a**2 + 32 - 2*a**3 + 19. What is h(-8)?
-5
Let c(b) = 2*b**3 + 30*b**2 + 2*b + 27. Let f be c(-15). Let i(g) = -4. Let j(u) = -u + 17. Let q(w) = -18*i(w) - 4*j(w). Give q(f).
-8
Let u(f) = -f + 3. Let p be -3 + (1 - 55/(-11)). Let g(v) = 2*v - 6. Let a be g(5). Suppose -x - p = a*n + 10, -4*x + 5*n + 32 = 0. What is u(x)?
0
Let v = 299 + -300. Let w(a) = -5*a**3 + a - 3*a**3 - 2*a. What is w(v)?
9
Let w be (3 - 1)/(-2) - -6. Let h = w + -1. Let g = h + -6. Let l(u) = 4*u**2 + 4*u + 2. What is l(g)?
10
Let m(g) = 7 + 2 + 1 + 2091*g - 2093*g. What is m(6)?
-2
Let x(i) = -3*i**2 - i + 2. Suppose 44 + 44 = -2*y. Let q = y - -46. Give x(q).
-12
Let u(x) = -2*x + 2. Let l(b) = -6*b + 7. Let i(z) = 2*l(z) - 7*u(z). Give i(7).
14
Let s(u) be the second derivative of u**3/6 - u**2 + u. Suppose -g - 2 = 0, -2*n + 11 = n - g. Suppose 0 = -y - 5*a - 17, 4*y + y = -n*a + 3. Give s(y).
1
Let w = -13 - -15. Let u(n) = 9*n + 5*n**3 - 4*n**3 + 9*n**2 - w*n**3 + 3 - 3*n**2. Give u(7).
17
Let f(q) be the first derivative of -39*q + 15 + 38*q - 16 - 24 + q**2 - q**3. What is f(1)?
-2
Suppose 0*h + h - 5 = 0. Let j(o) be the first derivative of o**2 - o**2 + 6 - 3*o - o**2 + h*o. Calculate j(5).
-8
Let p(j) = j**2 - 7*j - 5. Let w be (-16)/(-10)*(-6 - -11). Let y be p(w). Let g(f) = -6*f**2 + f**y + 3*f**2 - 2*f + 1 + 5*